 be d(-6). Let u be (63/(-6))/(-7)*66. What is the greatest common factor of u and l?
9
Let u be ((-4)/3)/(2/(-54)). Suppose -l - 4*l = -120. Calculate the greatest common divisor of u and l.
12
Let u = 47 - -9. What is the greatest common divisor of 28 and u?
28
Let v be 2*3*(-3)/(-18). Suppose 9 + 0 = 3*s + 5*b, -v = -4*s - 3*b. Let a be 0 + s - -1 - -50. Calculate the highest common factor of a and 7.
7
Let v be 12/9*(-27)/(-12). Suppose 2*z = -z - v*b + 93, 3*z + 2*b = 90. Suppose -31 = 4*s - 87. Calculate the greatest common divisor of s and z.
14
Suppose 2*d - 14 = -0. Calculate the highest common factor of 49 and d.
7
Suppose -3*y - 266 = 2*t - 7*t, 3*t - 166 = 5*y. Suppose -3*q = -127 + t. What is the highest common divisor of q and 5?
5
Suppose 0 = -2*u + 2 + 2. Suppose 0 = -u*m + 4*m. Suppose -4*y = m, w + 3 = -3*y + 13. What is the greatest common factor of 110 and w?
10
Let p = 293 - 117. Calculate the greatest common factor of 16 and p.
16
Let k(x) = -x**2 - 9*x + 4. Let f(o) = o**3 + 6*o**2 - 7. Let v = -20 - -14. Let c be f(v). Let l be k(c). Calculate the highest common factor of l and 54.
18
Let i = 9 + -7. Suppose -i*v + 19 + 19 = 0. Calculate the highest common factor of 19 and v.
19
Let h be -21*(12/(-28) - 1). Calculate the highest common divisor of h and 25.
5
Let w = -14 + 78. Calculate the greatest common divisor of w and 4.
4
Suppose 4*l = 3 + 9. Let u(o) = o**2 + 3*o**2 + o**3 + o**2 + 2 + 7*o**2. Let t be u(-12). Calculate the highest common factor of t and l.
1
Let d(m) = m**3 - 6*m**2 + 7*m + 2. Let o be d(5). Let f(z) = z**2 - 5*z - 12. Let p be f(9). Calculate the greatest common factor of p and o.
12
Suppose y = -0*y + 12. Let o = -10 + y. Calculate the highest common divisor of 3 and o.
1
Suppose -y - 18 = -4*y. Suppose 0 = -2*v + 90 + 42. Suppose -6 = -4*s + v. What is the greatest common divisor of s and y?
6
Suppose -5*c + 15 + 15 = 0. Let k = 29 + -20. Suppose 0 = u - 4*u + k. What is the greatest common divisor of c and u?
3
Suppose -4*n + 0*k - 2*k = 24, 20 = 5*k. Let h = 14 + n. Let l(r) = -r**2 - 5*r + 17. Let y be l(-7). What is the greatest common divisor of y and h?
3
Let i be (4 + -5)*(2 + -80). What is the greatest common divisor of 52 and i?
26
Suppose 0 = 9*o - 2940 + 240. Calculate the highest common divisor of 12 and o.
12
Suppose -5*y + 60 = -3*y. Let k(j) = -j**3 + 6*j**2 + 6*j + 5. Let i be k(7). Let c be 14 + i*(-1 + 2). Calculate the highest common divisor of c and y.
6
Suppose 0 = -0*p - 5*p + 20. Suppose p*w = 2*w + 4. Calculate the highest common divisor of 16 and w.
2
Let h be (9 - (-6 + 4))*1. What is the highest common divisor of 11 and h?
11
Let p(w) = -w**2 - 4*w - 3. Let i be p(-2). Let y = 8 - i. What is the highest common factor of y and 14?
7
Suppose z + f = 17, 2*f = -2*z - 2*f + 26. Calculate the highest common divisor of 3 and z.
3
Let n(c) = 2*c - 17. Let o be n(12). Suppose 2 = d - o. What is the greatest common factor of 18 and d?
9
Suppose 3*l + 1005 = 6*l. Let q = l + -615. Let j be (1/2)/((-10)/q). What is the highest common factor of 126 and j?
14
Suppose 1 = 2*b - 45. Calculate the highest common factor of b and 115.
23
Let w = 51 - -19. Let o(p) = -p**3 - 2*p**2 - 4. Let x be o(-4). What is the greatest common divisor of x and w?
14
Suppose -37*q + 31*q + 126 = 0. Calculate the highest common divisor of q and 336.
21
Suppose 0 = u + l - 129, -2*l + 129 = -5*u + 6*u. Calculate the greatest common divisor of u and 86.
43
Suppose v = -4 - 1. Let b(i) = i + 9. Let y be b(v). Let n be y*(13/4 + 0). What is the highest common divisor of 13 and n?
13
Suppose 3*s = -0*s + 9. Suppose s*x + 6 = 5*x. Calculate the highest common factor of 3 and x.
3
Suppose 227 = 5*r + 57. What is the greatest common factor of r and 102?
34
Let y(v) = 19*v - 2. Let s be y(2). Calculate the highest common factor of 36 and s.
36
Let g = 15 - 11. Suppose g*t - 182 = 58. What is the greatest common factor of t and 40?
20
Let d(w) = -26*w + 7. Let n be d(-7). Let x be 3*-7*(-1 - 0). What is the greatest common divisor of x and n?
21
Suppose -t - 4*p + 10 = 0, 3*t + 2*p + 25 - 85 = 0. What is the greatest common divisor of t and 154?
22
Let h(x) = -x**3 + 5*x**2 + 8*x - 9. Let v be h(6). Let o be 4/(-1 - (0 - v)). Let l be (-2 + 9)/1 - 2. Calculate the greatest common divisor of o and l.
1
Let b be (32/(-6))/((24/63)/(-4)). Let v = 17 + -10. What is the highest common divisor of v and b?
7
Let z = -239 - -408. What is the highest common divisor of 13 and z?
13
Suppose -4*i + 66 + 14 = 0. Calculate the greatest common factor of i and 140.
20
Suppose -2*b = -5*u - 0 + 2, -22 = -u - 5*b. Suppose -u*r + 6 = r, -3*r = -2*w + 126. Calculate the highest common factor of w and 11.
11
Let p(a) = 2*a**2 + a. Let y be p(2). What is the greatest common divisor of 10 and y?
10
Let u be 1 - 1/1 - -22. Let z(b) = -b**2 - 7*b - 3. Let g be z(-6). Suppose 0 = -g*o + u + 50. What is the highest common divisor of o and 3?
3
Let n be 5/((-5)/(-18)) + (-6)/(-2). Suppose -2*p + 3*s = -22, p + 2*s = -4*p + 74. Let t = n + p. What is the highest common divisor of 14 and t?
7
Suppose 5 = -2*b + z, 5*b + z = 4*z - 15. Suppose -3*c - 3 = -2*a - a, 2*c + 1 = a. Let m be c + b + 18/2. What is the greatest common divisor of m and 36?
9
Suppose 385 = 5*n - 40. Calculate the greatest common divisor of 34 and n.
17
Let k be 6/(-27) - (-454)/18. Calculate the greatest common divisor of 10 and k.
5
Suppose -5*s - 1035 - 1860 = -5*g, -2316 = -4*g + 5*s. Suppose 3*x + 0*x - 3*v = g, 4*v + 178 = x. Calculate the highest common factor of x and 22.
22
Let l(s) = 7*s + 1. Let x be (-3 + (-7)/(-3))*-3. Let k be 2/(5/(5/x)). Let h be l(k). Calculate the highest common factor of 20 and h.
4
Let x be (1 - -6) + -2 + 0. Let u = 0 - 0. Suppose -x*r + 4*h + 26 = -3*r, 5*h = u. What is the highest common divisor of 65 and r?
13
Let o be 0/(1/((-2)/4)). Let m be 2/6*(o + 18). Let z be m/4 - (-285)/2. Calculate the highest common divisor of 16 and z.
16
Let v(j) = j**2 - 4*j - 7. Let h be v(6). Suppose 0 = -4*u - h*f + 7, f + 0*f - 3 = -u. What is the greatest common divisor of u and 56?
8
Suppose -195 = -3*f - 2*f. Suppose 0 = 4*j - 49 - f. Let x = 34 - j. Calculate the highest common factor of 18 and x.
6
Let u(q) = q**3 + 6*q**2 - 8*q + 6. Let l(j) = 2*j + 5. Let d be l(-6). Let s be u(d). Calculate the highest common divisor of s and 13.
13
Suppose 6*y = -40 + 304. Calculate the highest common factor of y and 396.
44
Suppose -2*k = 6*k - 176. Calculate the greatest common divisor of k and 55.
11
Suppose -g = 49 - 54. Calculate the highest common divisor of g and 5.
5
Suppose 0 = 5*d - 25 - 20. Let c = d - 3. Suppose -6*h - c = -8*h. Calculate the highest common divisor of 9 and h.
3
Let f be (10/(-8))/((-4)/144). Calculate the greatest common divisor of 18 and f.
9
Let p = -340 + 500. Suppose -5*n - 2*d + p = 3*d, -76 = -2*n + 2*d. What is the greatest common divisor of 5 and n?
5
Suppose 18*i = 2356 + 344. What is the greatest common divisor of 60 and i?
30
Let z(c) = c**2 + 5*c + 3. Let t be z(-5). Suppose -4*a + 3*o = -73, -t*a + 7*a - 4*o - 76 = 0. What is the highest common factor of 64 and a?
16
Suppose -2*g + 87 = -111. Suppose -18 = -6*y + 4*y. Calculate the greatest common divisor of y and g.
9
Let o(v) = v - 2. Let c be o(3). Suppose 2*d + c = z - 11, -3*z - 19 = 5*d. Let a be 0 + -2 + 3*z. What is the highest common factor of 28 and a?
4
Suppose 2*x - 7*x - 90 = 0. Let n = -11 + 23. Let r = n - x. Calculate the greatest common factor of r and 6.
6
Suppose 6*g = -3 + 51. Calculate the greatest common divisor of g and 1.
1
Suppose -s = -3*s - 20. Let a = 16 + s. Suppose -1 - 5 = -i. Calculate the highest common divisor of a and i.
6
Let r be (-4 + 18)*(-6)/(-21). Suppose -3*z = -j - 3, -3*j + j + r*z = -2. What is the greatest common divisor of j and 3?
3
Let y be (-144)/(-3) - 3 - -6. Calculate the greatest common divisor of y and 255.
51
Let c(y) = 2*y + 10. Let q be c(9). Let w = q + -16. What is the highest common factor of w and 96?
12
Let w = 33 - 18. Let x = w + -11. What is the greatest common divisor of x and 32?
4
Let r be 64/10 + (-6)/15. Let c = r - -2. What is the highest common divisor of c and 88?
8
Let q = -102 + 21